 (84/294)/(3 - 44/14). Let n(l) be the first derivative of l**4/4 + 4*l**3/3 - l**2/2 - 2*l - 1. What is n(g)?
8
Let v(x) = 6*x**2 + 0*x**2 - 5*x**2 + 5*x**2 - 2 - 5*x**2. Calculate v(0).
-2
Let m(i) = -i**2 + 2*i + 2. Let w(r) = -2*r**2 + 16*r + 3. Let l be w(8). What is m(l)?
-1
Let g(j) = 17*j**2 + j. Let s be g(-1). Suppose 0 = 2*y + 5*r, 3*y + 5 = -2*r + s. Let n(v) = v**2 + 5*v - 3*v - y*v - 1. Give n(4).
3
Let k(t) = -3*t - 1. Let s be 1 - (-3)/6*10. Let p be s*2/(-3) - -2. What is k(p)?
5
Let o(a) = -a - 2. Suppose -13 + 153 = -20*s. What is o(s)?
5
Let h = -11 - -13. Suppose 2*y - 18 = h*i, 2*i = y - 2*i - 15. Let r = 11 - y. Let g(u) = -u + 1. What is g(r)?
-3
Let j(t) = -t + 11. Let i(x) = 4*x - 46. Let o(g) = 2*i(g) + 9*j(g). Let l be ((-2)/5)/(2/(-20)). Calculate o(l).
3
Let l(r) = -r**2 + 2*r - 1. Suppose -x = -2*x + 5. Suppose -10 = x*t - 70. Suppose -t = 3*k, -k - k - 5 = o. Give l(o).
-4
Let b(w) = -2*w - 1. Let u be b(-3). Let n = -121 - -200. Let x(f) = 32 - n + 46 - 4*f. Give x(u).
-21
Let l(d) = d**2 + 11*d + 22. Let v = 2157 - 2161. Give l(v).
-6
Let j(p) = p**2 + 12*p + 7. Let z(s) = 2*s**2 + 25*s + 15. Let i(f) = -9*j(f) + 4*z(f). Calculate i(-5).
12
Let l(w) = w**3 + 2*w**2 - 5*w - 8. Let y be l(-3). Let x(i) = -1. Let v(q) = -9*q + 3. Let u(g) = v(g) + 2*x(g). Give u(y).
19
Let j(l) = -7*l + 43. Let i be j(7). Let g(s) = s**3 + 6*s**2 - 5. Calculate g(i).
-5
Let i(l) = 3*l**2 - 2*l - 1. Let r = -4 - -4. Suppose r = -4*y + 5*y - 6. Suppose 4*t = 3*x + y - 1, -2*t + 4*x = 0. What is i(t)?
7
Let m(a) = -7*a**2 - 2*a + 1. Let r = 127 + -126. What is m(r)?
-8
Let p(z) = 2*z + 4. Let l(b) = b + 2. Let m(j) = 3*l(j) - 2*p(j). Suppose r = -2*r + 21. Give m(r).
-9
Let s(g) = -19 - g + 43 + 2*g - 12. Suppose 3*n + 18 = -4*d, -3*n + 4*d = -10 + 28. Calculate s(n).
6
Let p(u) = -u**2 - 6*u**2 + 48*u**3 + 7*u + 2 - 47*u**3. Let t = 1 - 10. Let w = -3 - t. Calculate p(w).
8
Let i(t) = -5*t**2 + t - 1. Let m(q) = -2*q**2 + q. Let u(r) = -i(r) + 2*m(r). What is u(-1)?
1
Let j(q) be the third derivative of -q**6/120 + q**5/15 + q**4/12 - q**3/2 + 117*q**2. Let w(b) = 2*b**2 - 2*b - 1. Let i be w(-1). What is j(i)?
12
Let u(d) = 3*d - 1. Let r(m) = -m**3 + 6*m**2 - 7*m + 2. Let i be 1*(4 + -5 + 6). Let l be r(i). Let o be l/12*(-7 + 4). What is u(o)?
5
Let r(d) = -16*d**2 - 1881 + 2*d**3 + 937 + 940. Determine r(8).
-4
Let k(x) = 3*x - 5. Let r(m) = -14*m - 143. Let j be r(-10). Determine k(j).
-14
Let d be ((-102)/(-170))/(2/20). Suppose 2*c + 2*c = 4*q - 8, -4*q = -3*c - d. Let g(x) be the second derivative of -x**3/6 - 3*x**2 + x. Determine g(q).
-6
Let i(r) = -r**3 + 1. Let s(v) = 5*v**3 - 7*v**2 + 7*v - 9. Let c(o) = 4*i(o) + s(o). Let u be ((-15)/(-10))/((-3)/(-32)). Let j be (u/12)/(2/9). Give c(j).
1
Let c(l) = 25*l**2 + 15476*l - 15476*l. What is c(1)?
25
Let r(g) be the first derivative of -g**4/4 + 2*g**3 - 7*g**2/2 + 7*g - 42. Suppose 0 = -5*x - 6*m + 2*m + 17, 4*x + m = 18. Give r(x).
-3
Let r(b) = 8*b**2 - b - 18. Let c(m) = -7*m**2 + 17. Let d(j) = 7*c(j) + 6*r(j). Determine d(-8).
-5
Let b(v) = 10*v**2 - v**3 + 4*v**2 - 18*v - 3 + 51*v - 18*v. Give b(15).
-3
Let c(g) = 2*g**2 + 6*g - 8. Let n be c(1). Let v(m) = -m**3 + 1. Calculate v(n).
1
Let p = 114 + -56. Let n = p - 50. Let a(x) = -x**3 + 7*x**2 + 10*x - 10. Give a(n).
6
Let g(x) = 2*x**3 + 0 - 5 - 4*x**3 - 2*x**3 + 11*x**2 + 13*x. Let d(t) = -7*t**3 + 21*t**2 + 25*t - 11. Let h(u) = 3*d(u) - 5*g(u). Give h(9).
1
Let h(t) be the second derivative of -t**4/12 + 3*t**3/2 - t**2 + 2*t - 41. What is h(6)?
16
Let k(i) = -i**2 + 2*i + 1 - i - 3*i + 3*i. Let p(u) = -u**3 + 6*u**2 - 3*u - 2. Let z(f) = k(f) + p(f). Determine z(4).
7
Let x(y) be the first derivative of -y**6/120 + y**5/12 - y**3/2 - 4*y**2 - 3. Let k(f) be the second derivative of x(f). Calculate k(5).
-3
Let t(s) = 3 - 3 + 1. Let k(n) = 2*n**2 + 7*n + 5. Let j(a) = -k(a) + 2*t(a). Give j(-5).
-18
Let x(l) = l**2 + 8*l + 5. Suppose -5*d + 20 = -h, 23*h - 19*h + 2*d = 8. What is x(h)?
5
Let h be (-6)/21 - 161/(-49). Suppose -3 = -k + h. Let q(t) = -t**3 + 5*t**2 + 7*t - 5. Determine q(k).
1
Let w(o) = 3*o + 10. Let i be (8*2)/(7 + -5). Determine w(i).
34
Let d(y) be the first derivative of -3*y**2 - 20 + 11 + 8 + 2*y**2. Give d(5).
-10
Let v = -11 - -16. Suppose -f + 5 + 0 = 0. Let g(c) = -2*c + c**3 + 6*c**2 + 4 - f*c**2 - 6*c**2. Calculate g(v).
-6
Let t(f) = 2833*f - 2832*f + 4 + 11. Determine t(0).
15
Let n = -4 + 4. Let y(h) = -5*h - 2*h + h**3 - 7 + 5*h**2 + n*h**3 + 5*h. Let j(k) = 2*k**3 + 3*k**2 + 2*k + 3. Let s be j(-2). What is y(s)?
3
Let o(z) = -z**3 - 32*z**2 - 32*z - 28. Let l be o(-31). Suppose 2*h = -3*h + 15. Let i(g) = 8*g**2 + 0*g**l - 11 + 301*g - 299*g - g**h. Give i(8).
5
Let q be (6480/(-105))/18 - (-6)/14. Let x(g) = -7*g - 18. What is x(q)?
3
Let w(c) = c**2 + 4*c + 6. Let a(f) = -f**3 + 5*f**2 - 6*f + 4. Let z be a(4). What is w(z)?
6
Let w be (-495)/297*(-1 + 1*-2). Let b(r) = r**3 - 4*r**2 - 5*r + 5. Give b(w).
5
Let r(q) = 12*q - 9. Let i(p) = -5*p + 4. Let m(y) = 15*i(y) + 6*r(y). Calculate m(4).
-6
Let r(h) = 8*h - 10. Let c(i) = 5 + 4 - 2. Let y(b) = -1. Let k(s) = c(s) + 6*y(s). Let u(p) = -10*k(p) - r(p). What is u(1)?
-8
Let c(i) = 8*i - 6 + 7*i - 2*i - 23*i + 4*i. Give c(-6).
30
Let d = -13 - -12. Let r(b) be the first derivative of -b**2/2 - 3. Determine r(d).
1
Let j(z) = -z - 6. Suppose -6*x + 36 = 12. Suppose f - 2*r + x = 0, -3*f - 2*r + 2 = -18. Suppose -f*w - 25 = 3. Determine j(w).
1
Suppose 390*n = 371*n + 114. Let y(o) = -o**3 + 5*o**2 + 5*o - 3. Give y(n).
-9
Let r(v) = v**3 - 5*v**2 + 4*v - 1. Let y be (-96)/12 + 8 + 3. What is r(y)?
-7
Suppose 0 = -5*q - 2*c + 115, 5*c = -q - q + 25. Let b = q + -23. Let l(y) = -2*y**2 + 2*y - 1. Give l(b).
-5
Suppose -123 = -52*o + 33. Let v(c) = 8*c - 2. Determine v(o).
22
Let b(l) = 2 + 57*l - 7*l - 40*l - 4. Let p be (1 - (1 + 2))/1. Give b(p).
-22
Let g(b) = b**2 + b. Let i(n) = -2*n**2 - 2*n + 1. Let r(l) = 4*g(l) + 3*i(l). Give r(2).
-9
Let h(x) = 4*x**2 - 46*x + 74*x - 6 - 38*x - 5*x**2. Calculate h(-10).
-6
Let o(g) be the third derivative of -g**6/360 - g**5/20 + g**4/4 + 7*g**3/2 - 31*g**2. Let u(w) be the first derivative of o(w). Determine u(-5).
11
Let d = -3 - 1. Let k(p) = -8*p - 5. Let f(y) = 15*y + 9. Let q(g) = d*f(g) - 7*k(g). Let n be (-4)/(-6) + 10/(-6). What is q(n)?
3
Let j(f) = f**2 + 8*f + 10. Let d be (-320)/48 + 1/(-3). What is j(d)?
3
Let r be (-3)/4 + 391/68. Let c(g) = 10*g**2 - 1 + r*g - 7*g**2 - 6 - 2*g**2. What is c(-6)?
-1
Let a = 11 - 11. Suppose 2*r - 22 = 5*f + 1, a = 5*f + r + 26. Let j(m) = -m**3 + 0 - 5*m**2 + 0*m**3 + 2 + m. Determine j(f).
-3
Let n = 5/162 + 119/81. Let w(c) be the second derivative of -6*c - 1/12*c**4 - n*c**2 - 7/6*c**3 + 0. Calculate w(-6).
3
Let n(u) = u**3 + 6*u**2 - 6. Let v(z) = -2 - 4 + 2 - 7 - z. Let o be v(-13). Suppose -1 = o*r + 11. Give n(r).
-6
Let r(y) = y + 4. Let f(h) be the second derivative of h**5/20 - h**4/6 - 12*h. Let o be f(-2). Let n = -22 - o. Determine r(n).
-2
Suppose a - b = 112 - 41, -b = 0. Suppose 0 = -16*x - 9 - a. Let n(r) = 3*r + 6. Give n(x).
-9
Suppose 26 = 2*y + 3*g, 61*y + 5*g - 34 = 59*y. Let q(j) be the third derivative of -1/24*j**4 + 0*j + 1/60*j**5 + 0 + 1/3*j**3 - y*j**2. What is q(4)?
14
Let u(f) be the third derivative of f**5/60 - f**4/12 - 7*f**3/6 + 32*f**2 + 1. Determine u(0).
-7
Let b be (4 - (-136)/(-32))*-20. Let j(o) = o**3 - 5*o**2 - o + 3. Give j(b).
-2
Let y be ((-5)/2)/((-2)/(-4)). Let i be -3 - y - (1 - -1). Suppose -4*n - 5*p + p = 0, i = 4*p. Let z(v) = v**3 + v + 5. Calculate z(n).
5
Let w(l) be the first derivative of l**2/2 + 4*l + 136. Let t be 1/(2 - 15/8). Suppose 0 = -3*v + 3*n - t*n - 37, -5*v - 45 = 5*n. Determine w(v).
0
Let x = -2578 - -2582. Let d(f) = f - 4. Calculate d(x).
0
Let r = -54 + 59. Suppose r*i + 32 = 2*x, -x - 4 + 5 = 0. Let p(v) = 2*v**2 + 9*v + 5. What is p(i)?
23
Let i(j) = -j**3 + 6*j**2 - 4*j + 1. Let q be i(5). Let h(y) be the first derivative of y**3/3 - 3*y**2 - 7*y - 589. Give h(q).
-7
Let o(b) = 14 - 32421*b - 3 + 32419*b. Determine o(10).
-9
Let x(p) = -3*p - 4. Suppose -5*m = 3*g + 6, 20*m - 15*m - 15 = 0. Give x(g).
17
Let v = 322 - 328. Let u(w) be the third deri